00 (base 2) to base 8.
-4410
-120210120 (base 3) to base 7
-45402
Convert 239 (base 12) to base 5.
2313
-a55c (base 14) to base 7
-146045
What is 220110 (base 3) in base 4?
22110
What is -2202210 (base 3) in base 16?
-7e3
1101100111010100 (base 2) to base 11
38995
What is -9e18 (base 15) in base 16?
-830c
Convert 412 (base 5) to base 2.
1101011
21a9 (base 11) to base 9
3874
-33311 (base 4) to base 3
-1101112
Convert -1583 (base 11) to base 7.
-5624
What is -38cb (base 14) in base 5?
-304404
What is 124333 (base 5) in base 15?
1713
-22213 (base 4) to base 9
-834
2737 (base 15) to base 3
102111021
What is -338 (base 9) in base 6?
-1142
-465 (base 11) to base 14
-2b9
120202202 (base 3) to base 9
16682
Convert 2227 (base 8) to base 6.
5235
What is 100231 (base 6) in base 2?
1111010111011
209 (base 10) to base 8
321
What is 2103300 (base 4) in base 16?
24f0
Convert 20221 (base 5) to base 15.
5c6
What is 10101001000 (base 2) in base 10?
1352
Convert 57a (base 15) to base 3.
1200221
Convert -1323031 (base 4) to base 7.
-31663
Convert -1147c (base 14) to base 12.
-20406
-436 (base 7) to base 11
-193
Convert -1c26 (base 15) to base 12.
-3653
-2140 (base 7) to base 5
-11023
-31 (base 6) to base 10
-19
116ba (base 12) to base 6
300354
Convert -101 (base 9) to base 5.
-312
Convert -286 (base 15) to base 8.
-1100
Convert -594 (base 15) to base 7.
-3454
1111010 (base 2) to base 6
322
Convert -5c (base 13) to base 16.
-4d
232330 (base 5) to base 8
20421
Convert 41234 (base 7) to base 15.
2eb5
Convert 1891 (base 16) to base 15.
1ce4
-100012110 (base 3) to base 8
-15064
-1774 (base 10) to base 9
-2381
786 (base 11) to base 14
4b3
10632 (base 7) to base 11
2051
-474 (base 9) to base 7
-1066
Convert -1548a (base 12) to base 5.
-1430213
What is 220077 (base 8) in base 15?
16ce6
Convert b28 (base 15) to base 12.
1555
What is 110010110 (base 2) in base 11?
33a
What is 50 (base 7) in base 11?
32
Convert 234433 (base 5) to base 7.
34330
What is 1011101011 (base 2) in base 3?
1000200
Convert 11100001110 (base 2) to base 9.
2426
170 (base 14) to base 10
294
What is 1333 (base 6) in base 15?
180
What is 2682 (base 12) in base 4?
1011002
Convert -3621 (base 7) to base 15.
-5e3
What is 528 (base 11) in base 7?
1565
22200212 (base 3) to base 2
1100011000101
What is -1032 (base 5) in base 12?
-ba
-490 (base 11) to base 13
-35b
What is 1000111001100001 (base 2) in base 14?
d3d7
What is 213121 (base 4) in base 5?
40041
-4f0 (base 16) to base 8
-2360
Convert -1252 (base 13) to base 4.
-220222
-33ab (base 13) to base 9
-10833
-7448 (base 12) to base 16
-31b8
Convert -d0b (base 16) to base 6.
-23243
-239 (base 16) to base 12
-3b5
-261413 (base 7) to base 8
-136671
Convert 3b5 (base 13) to base 10.
655
652 (base 10) to base 13
3b2
Convert 210012 (base 3) to base 10.
572
What is 53523 (base 7) in base 14?
4bba
What is 1000100011 (base 2) in base 16?
223
Convert 42386 (base 9) to base 5.
1344043
Convert 1a0aa (base 11) to base 12.
142b3
Convert b28 (base 14) to base 2.
100010010000
Convert -142142 (base 6) to base 8.
-32216
-1212021012 (base 3) to base 4
-20330210
What is 4452 (base 6) in base 10?
1040
-2103230 (base 5) to base 2
-1000011111111111
Convert 10013 (base 4) to base 5.
2023
19317 (base 10) to base 16
4b75
What is -d8b8 (base 14) in base 13?
-14041
What is -3430 (base 8) in base 10?
-1816
Convert -3031 (base 4) to base 7.
-412
What is -112 (base 15) in base 12?
-182
What is 102111 (base 4) in base 2?
10010010101
What is -2567 (base 10) in base 13?
-1226
What is 2697 (base 13) in base 10?
5532
What is 3440 (base 7) in base 6?
5445
Convert 44 (base 16) to base 3.
2112
Convert 26346 (base 8) to base 16.
2ce6
-5abb (base 13) to base 5
-402304
-32201 (base 4) to base 7
-2465
Convert 3e (base 15) to base 3.
2012
Convert 117 (base 16) to base 10.
279
22120 (base 3) to base 13
14a
What is -187e (base 15) in base 13?
-2543
45038 (base 9) to base 6
350312
Convert 11201211 (base 3) to base 4.
311323
113210 (base 4) to base 12
a58
What is -2986 (base 16) in base 6?
-121114
-1546 (base 16) to base 15
-1931
What is 315 (base 14) in base 10?
607
What is -194 (base 10) in base 13?
-11c
Convert -10068 (base 10) to base 12.
-59b0
What is -12444 (base 6) in base 10?
-1900
31243 (base 8) to base 11
9815
Convert -521 (base 13) to base 7.
-2354
Convert -2021 (base 7) to base 6.
-3125
22a (base 15) to base 11
406
What is 1220 (base 4) in base 11?
95
What is -1243 (base 5) in base 4?
-3012
2457 (base 12) to base 11
3097
What is 1021311 (base 4) in base 13?
21c6
-58 (base 12) to base 9
-75
-11002 (base 3) to base 8
-156
Convert 545 (base 6) to base 7.
416
What is -1b2 (base 14) in base 8?
-540
-1a7b (base 14) to base 4
-1023031
What is 1101 (base 6) in base 8?
375
Convert -120 (base 10) to base 16.
-78
-1000100002 (base 3) to base 12
-b648
What is 3a96 (base 12) in base 2?
1101001010010
What is -21021 (base 6) in base 7?
-11140
11 (base 16) to base 15
12
201311 (base 4) to base 15
995
-40a40 (base 11) to base 5
-3403233
Convert -21444 (base 6) to base 7.
-11455
What is 2715 (base 10) in base 16?
a9b
Convert 7340 (base 13) to base 10.
15938
What is 112546 (base 8) in base 9?
57415
-542 (base 15) to base 2
-10010100011
-20221 (base 3) to base 14
-d5
Convert 10a1 (base 12) to base 10.
1849
What is 1424 (base 5) in base 2?
11101111
Convert -21015 (base 10) to base 6.
-241143
Convert -1201111 (base 5) to base 4.
-11120033
b670 (base 13) to base 5
1302042
What is -1054415 (base 6) in base 3?
-2202021202
What is 156 (base 15) in base 7?
615
4723 (base 8) to base 2
100111010011
What is 5a7 (base 12) in base 5?
11342
100021 (base 3) to base 8
372
Convert c498 (base 13) to base 16.
6a1d
Convert 33c0 (base 15) to base 5.
322410
Convert -7b52 (base 15) to base 12.
-13195
Convert 23120221 (base 4) to base 3.
2100222011
11613 (base 10) to base 11
87a8
What is -100101100111011 (base 2) in base 13?
-89c6
Convert -101010000 (base 2) to base 4.
-11100
What is 318 (base 9) in base 10?
260
-330014 (base 6) to base 10
-27226
Convert 1e7 (base 16) to base 9.
601
410224 (base 5) to base 3
200002111
430 (base 8) to base 3
101101
Convert 3433 (base 13) to base 16.
1c8d
Convert -28635 (base 11) to base 3.
-2001211012
Convert 14502 (base 6) to base 7.
6554
What is 534 (base 8) in base 10?
348
Convert -2741 (base 9) to base 13.
-c28
268 (base 14) to base 5
3414
What is 3720 (base 9) in base 6?
20500
Convert -11 (base 14) to base 4.
-33
What is -1011100110 (base 2) in base 9?
-1014
What is -12101121 (base 3) in base 15?
-1271
-3455 (base 6) to base 12
-58b
What is 101110200 (base 3) in base 13?
3621
-49d (base 15) to base 4
-100120
What is -630 (base 9) in base 16?
-201
Convert -7602 (base 8) to base 14.
-1638
Convert -5138 (base 14) to base 6.
-144354
Convert 2b7 (base 13) to base 3.
200002
What is -2541 (base 6) in base 15?
-2c7
-96 (base 14) to base 6
-340
-2426 (base 12) to base 15
-130c
Convert -256 (base 14) to base 16.
-1d4
Convert b00e (base 16) to base 10.
45070
-2341 (base 10) to base 14
-bd3
-3d3f (base 16) to base 6
-200331
b806 (base 15) to base 3
1222101220
2322433 (base 5) to base 11
29813
Convert 116682 (base 9) to base 4.
101032100
What is 101002122 (base 3) in base 9?
11078
What is 35333 (base 6) in base 4?
1033221
What is -7c5 (base 13) in base 10?
-1344
10111111101111 (base 2) to base 13
577c
What is 886 (base 11) in base 13?
639
Convert -282 (base 9) to base 14.
-12c
Convert -100 (base 3) to base 9.
-10
-2133303 (base 4) to base 10
-10227
What is -3883 (base 16) in base 6?
-150551
-263 (base 12) to base 13
-21c
6d67 (base 15) to base 7
124564
23893 (base 10) to base 15
712d
4398 (base 16) to base 3
212201220
What is 799 (base 14) in base 7?
4252
Convert 1716 (base 9) to base 14.
699
What is 9923 (base 10) in base 6?
113535
Convert 463 (base 9) to base 2.
101111101
What is -1000111001000 (base 2) in base 9?
-6217
Convert -113001 (base 4) to base 11.
-111a
-540 (base 9) to base 6
-2013
Convert -222010 (base 3) to base 8.
-1301
What is -8877 (base 11) in base 9?
-17040
What is 2150 (base 9) in base 4?
120300
What is -1010010 (base 2) in base 15?
-57
66 (base 13) to base 15
59
What is 1153 (base 6) in base 12?
1b9
What is 34424 (base 5) in base 12?
1535
Convert -2646 (base 12) to base 13.
-1cb6
116205 